{"id":856,"date":"2024-08-03T00:32:23","date_gmt":"2024-08-03T00:32:23","guid":{"rendered":"https:\/\/site.japami.gob.mx\/?page_id=856"},"modified":"2026-01-22T09:35:25","modified_gmt":"2026-01-22T15:35:25","slug":"factibilidad","status":"publish","type":"page","link":"https:\/\/www.japami.gob.mx\/index.php\/factibilidad\/","title":{"rendered":"Factibilidad"},"content":{"rendered":"\t\t<div data-elementor-type=\"wp-page\" data-elementor-id=\"856\" class=\"elementor elementor-856\" data-elementor-post-type=\"page\">\n\t\t\t\t<div class=\"elementor-element elementor-element-1be7ee4 e-grid e-con-boxed e-con e-parent\" data-id=\"1be7ee4\" data-element_type=\"container\" data-e-type=\"container\" data-settings=\"{&quot;background_background&quot;:&quot;classic&quot;,&quot;shape_divider_bottom&quot;:&quot;triangle-asymmetrical&quot;,&quot;shape_divider_bottom_negative&quot;:&quot;yes&quot;}\">\n\t\t\t\t\t<div class=\"e-con-inner\">\n\t\t\t\t<div class=\"elementor-shape elementor-shape-bottom\" aria-hidden=\"true\" data-negative=\"true\">\n\t\t\t<svg xmlns=\"http:\/\/www.w3.org\/2000\/svg\" viewBox=\"0 0 1000 100\" preserveAspectRatio=\"none\">\n\t<path class=\"elementor-shape-fill\" d=\"M737.9,94.7L0,0v100h1000V0L737.9,94.7z\"\/>\n<\/svg>\t\t<\/div>\n\t\t\t\t<div class=\"elementor-element elementor-element-41b1a38 elementor-invisible elementor-widget elementor-widget-heading\" data-id=\"41b1a38\" data-element_type=\"widget\" data-e-type=\"widget\" data-settings=\"{&quot;_animation&quot;:&quot;fadeInUp&quot;}\" data-widget_type=\"heading.default\">\n\t\t\t\t<div class=\"elementor-widget-container\">\n\t\t\t\t\t<h1 class=\"elementor-heading-title elementor-size-default\">SOLICITUD DE FACTIBILIDAD DE SERVICIOS DE AGUA POTABLE Y ALCANTARILLADO Y\/O\nSOLICITUD DE CONSTANCIA DE SERVICIOS<\/h1>\t\t\t\t<\/div>\n\t\t\t\t<\/div>\n\t\t\t\t\t<\/div>\n\t\t\t\t<\/div>\n\t\t<div class=\"elementor-element elementor-element-c21c542 e-flex e-con-boxed e-con e-parent\" data-id=\"c21c542\" data-element_type=\"container\" data-e-type=\"container\" data-settings=\"{&quot;background_background&quot;:&quot;classic&quot;}\">\n\t\t\t\t\t<div class=\"e-con-inner\">\n\t\t\t\t<div class=\"elementor-element elementor-element-e39a983 elementor-widget elementor-widget-text-editor\" data-id=\"e39a983\" data-element_type=\"widget\" data-e-type=\"widget\" data-widget_type=\"text-editor.default\">\n\t\t\t\t<div class=\"elementor-widget-container\">\n\t\t\t\t\t\t\t\t\t<p>Estimado usuario, si desea solicitar una Factibilidad de Servicios de Agua Potable y Alcantarillado y\/o Constancia de Servicios favor de descargar la solicitud anexa, llenarla y enviarla con los requisitos solicitados para los diferentes rubros; enviar solicitud y documentaci\u00f3n al correo: incorporaciones@japami.gob.mx<\/p><p>Cualquier duda comunicarse a la Jefatura de Incorporaciones al tel\u00e9fono 462 6069100 extensi\u00f3n 166, en horario de 08:00 a las 16:00 de lunes a viernes, con gusto lo atenderemos.<\/p>\t\t\t\t\t\t\t\t<\/div>\n\t\t\t\t<\/div>\n\t\t\t\t\t<\/div>\n\t\t\t\t<\/div>\n\t\t<div class=\"elementor-element elementor-element-c83842c e-grid e-con-boxed e-con e-parent\" data-id=\"c83842c\" data-element_type=\"container\" data-e-type=\"container\">\n\t\t\t\t\t<div class=\"e-con-inner\">\n\t\t\t\t<div class=\"elementor-element elementor-element-058e802 ekit-equal-height-enable elementor-widget elementor-widget-elementskit-icon-box\" data-id=\"058e802\" data-element_type=\"widget\" data-e-type=\"widget\" data-widget_type=\"elementskit-icon-box.default\">\n\t\t\t\t<div class=\"elementor-widget-container\">\n\t\t\t\t\t<div class=\"ekit-wid-con\" >        <!-- link opening -->\n                <a href=\"https:\/\/www.japami.gob.mx\/wp-content\/uploads\/2026\/01\/DFT1._FORMATO_FACTIBILIDAD_DESARROLLOS_HABITACIONALES.pdf\" target=\"_blank\" class=\"ekit_global_links\">\n                <!-- end link opening -->\n\n        <div class=\"elementskit-infobox text-center text- icon-top-align elementor-animation-float   \">\n                            <div class=\"elementskit-box-header\">\n                <div class=\"elementskit-info-box-icon \">\n                    <img decoding=\"async\" width=\"100\" height=\"101\" src=\"https:\/\/www.japami.gob.mx\/wp-content\/uploads\/2024\/08\/No-adeudos.png\" class=\"attachment- size-\" alt=\"\" \/>                <\/div>\n          <\/div>\n                <div class=\"box-body\">\n                            <h3 class=\"elementskit-info-box-title\">\n                    SOLICITUD DE FACTIBILIDAD DE SERVICIOS DE AGUA POTABLE Y ALCANTARILLADO PARA DESARROLLOS HABITACIONALES                <\/h3>\n                                            <\/div>\n        \n        \n                <\/div>\n                <\/a>\n        <\/div>\t\t\t\t<\/div>\n\t\t\t\t<\/div>\n\t\t\t\t<div class=\"elementor-element elementor-element-2c650d4 ekit-equal-height-enable elementor-widget elementor-widget-elementskit-icon-box\" data-id=\"2c650d4\" data-element_type=\"widget\" data-e-type=\"widget\" data-widget_type=\"elementskit-icon-box.default\">\n\t\t\t\t<div class=\"elementor-widget-container\">\n\t\t\t\t\t<div class=\"ekit-wid-con\" >        <!-- link opening -->\n                <a href=\"https:\/\/www.japami.gob.mx\/wp-content\/uploads\/2026\/01\/DFT2._FORMATO_FACTIBILIDAD_DESARROLLOS_NO_HABITACIONALES.pdf\" target=\"_blank\" class=\"ekit_global_links\">\n                <!-- end link opening -->\n\n        <div class=\"elementskit-infobox text-center text- icon-top-align elementor-animation-float   \">\n                            <div class=\"elementskit-box-header\">\n                <div class=\"elementskit-info-box-icon \">\n                    <img decoding=\"async\" width=\"100\" height=\"101\" src=\"https:\/\/www.japami.gob.mx\/wp-content\/uploads\/2024\/08\/No-adeudos.png\" class=\"attachment- size-\" alt=\"\" \/>                <\/div>\n          <\/div>\n                <div class=\"box-body\">\n                            <h3 class=\"elementskit-info-box-title\">\n                    SOLICITUD DE FACTIBILIDAD DE SERVICIOS DE AGUA POTABLE Y ALCANTARILLADO PARA DESARROLLOS NO HABITACIONALES                <\/h3>\n                                            <\/div>\n        \n        \n                <\/div>\n                <\/a>\n        <\/div>\t\t\t\t<\/div>\n\t\t\t\t<\/div>\n\t\t\t\t<div class=\"elementor-element elementor-element-a1a7884 ekit-equal-height-enable elementor-widget elementor-widget-elementskit-icon-box\" data-id=\"a1a7884\" data-element_type=\"widget\" data-e-type=\"widget\" data-widget_type=\"elementskit-icon-box.default\">\n\t\t\t\t<div class=\"elementor-widget-container\">\n\t\t\t\t\t<div class=\"ekit-wid-con\" >        <!-- link opening -->\n                <a href=\"https:\/\/www.japami.gob.mx\/wp-content\/uploads\/2026\/01\/DFT3._FORMATO_CONSTANCIA_DE_SERVICIOS.pdf\" target=\"_blank\" class=\"ekit_global_links\">\n                <!-- end link opening -->\n\n        <div class=\"elementskit-infobox text-center text- icon-top-align elementor-animation-float   \">\n                            <div class=\"elementskit-box-header\">\n                <div class=\"elementskit-info-box-icon \">\n                    <img decoding=\"async\" width=\"100\" height=\"101\" src=\"https:\/\/www.japami.gob.mx\/wp-content\/uploads\/2024\/08\/No-adeudos.png\" class=\"attachment- size-\" alt=\"\" \/>                <\/div>\n          <\/div>\n                <div class=\"box-body\">\n                            <h3 class=\"elementskit-info-box-title\">\n                    SOLICITUD DE CONSTANCIA DE SERVICIOS                <\/h3>\n                                            <\/div>\n        \n        \n                <\/div>\n                <\/a>\n        <\/div>\t\t\t\t<\/div>\n\t\t\t\t<\/div>\n\t\t\t\t\t<\/div>\n\t\t\t\t<\/div>\n\t\t<div class=\"elementor-element elementor-element-004b7c5 e-flex e-con-boxed e-con e-parent\" data-id=\"004b7c5\" data-element_type=\"container\" data-e-type=\"container\">\n\t\t\t\t\t<div class=\"e-con-inner\">\n\t\t<div class=\"elementor-element elementor-element-fb93f69 e-con-full e-flex e-con e-child\" data-id=\"fb93f69\" data-element_type=\"container\" data-e-type=\"container\">\n\t\t\t\t<div class=\"elementor-element elementor-element-cd85565 elementor-widget elementor-widget-text-editor\" data-id=\"cd85565\" data-element_type=\"widget\" data-e-type=\"widget\" data-widget_type=\"text-editor.default\">\n\t\t\t\t<div class=\"elementor-widget-container\">\n\t\t\t\t\t\t\t\t\t<p><span style=\"color: #800000;\"><strong>Descarga la solicitud y enviala junto con los requisitos solicitados<\/strong><\/span><\/p>\t\t\t\t\t\t\t\t<\/div>\n\t\t\t\t<\/div>\n\t\t\t\t<\/div>\n\t\t\t\t\t<\/div>\n\t\t\t\t<\/div>\n\t\t<div class=\"elementor-element elementor-element-88a04ae e-flex e-con-boxed e-con e-parent\" data-id=\"88a04ae\" data-element_type=\"container\" data-e-type=\"container\">\n\t\t\t\t\t<div class=\"e-con-inner\">\n\t\t\t\t<div class=\"elementor-element elementor-element-48f946e elementor-widget elementor-widget-text-editor\" data-id=\"48f946e\" data-element_type=\"widget\" data-e-type=\"widget\" data-widget_type=\"text-editor.default\">\n\t\t\t\t<div class=\"elementor-widget-container\">\n\t\t\t\t\t\t\t\t\t<p>Los Datos Personales que la JUNTA DE AGUA POTABLE, DRENAJE, ALCANTARILLADO Y SANEAMIENTO DEL MUNICIPIO DE IRAPUATO, GTO., mejor conocida como JAPAMI recibe por parte de los particulares para la realizaci\u00f3n de alg\u00fan tr\u00e1mite y\/o servicio, en forma escrita, v\u00eda telef\u00f3nica, por internet o cualquier otro medio, tienen como finalidad la atenci\u00f3n de los tr\u00e1mites y\/o servicios solicitados y se encuentran protegidos en los t\u00e9rminos de la Ley de Protecci\u00f3n de Datos Personales en Posesi\u00f3n de Sujetos Obligados para el Estado de Guanajuato. Se almacenar\u00e1n en el domicilio de este Organismo en calle Blvr. Juan Jos\u00e9 Torres Landa N\u00fam. 1720, colonia Independencia, C\u00f3digo Postal 36559, ciudad de Irapuato Estado de Guanajuato, Mexico, y podr\u00e1n ser transferibles a terceros. Para mayor informaci\u00f3n consultar el <a href=\"https:\/\/www.japami.gob.mx\/index.php\/avisos-de-privacidad\/\">Aviso de Privacidad<\/a>.<\/p>\t\t\t\t\t\t\t\t<\/div>\n\t\t\t\t<\/div>\n\t\t\t\t\t<\/div>\n\t\t\t\t<\/div>\n\t\t\t\t<\/div>\n\t\t","protected":false},"excerpt":{"rendered":"<p>SOLICITUD DE FACTIBILIDAD DE SERVICIOS DE AGUA POTABLE Y ALCANTARILLADO Y\/O SOLICITUD DE CONSTANCIA DE SERVICIOS Estimado usuario, si desea solicitar una Factibilidad de Servicios de Agua Potable y Alcantarillado y\/o Constancia de Servicios favor de descargar la solicitud anexa, llenarla y enviarla con los requisitos solicitados para los diferentes rubros; enviar solicitud y documentaci\u00f3n [&hellip;]<\/p>\n","protected":false},"author":1,"featured_media":0,"parent":0,"menu_order":0,"comment_status":"closed","ping_status":"closed","template":"elementor_header_footer","meta":{"footnotes":""},"class_list":["post-856","page","type-page","status-publish","hentry"],"_links":{"self":[{"href":"https:\/\/www.japami.gob.mx\/index.php\/wp-json\/wp\/v2\/pages\/856","targetHints":{"allow":["GET"]}}],"collection":[{"href":"https:\/\/www.japami.gob.mx\/index.php\/wp-json\/wp\/v2\/pages"}],"about":[{"href":"https:\/\/www.japami.gob.mx\/index.php\/wp-json\/wp\/v2\/types\/page"}],"author":[{"embeddable":true,"href":"https:\/\/www.japami.gob.mx\/index.php\/wp-json\/wp\/v2\/users\/1"}],"replies":[{"embeddable":true,"href":"https:\/\/www.japami.gob.mx\/index.php\/wp-json\/wp\/v2\/comments?post=856"}],"version-history":[{"count":13,"href":"https:\/\/www.japami.gob.mx\/index.php\/wp-json\/wp\/v2\/pages\/856\/revisions"}],"predecessor-version":[{"id":4362,"href":"https:\/\/www.japami.gob.mx\/index.php\/wp-json\/wp\/v2\/pages\/856\/revisions\/4362"}],"wp:attachment":[{"href":"https:\/\/www.japami.gob.mx\/index.php\/wp-json\/wp\/v2\/media?parent=856"}],"curies":[{"name":"wp","href":"https:\/\/api.w.org\/{rel}","templated":true}]}}