{"id":157,"date":"2024-07-10T21:59:13","date_gmt":"2024-07-10T21:59:13","guid":{"rendered":"https:\/\/site.japami.gob.mx\/?page_id=157"},"modified":"2026-03-03T13:42:47","modified_gmt":"2026-03-03T19:42:47","slug":"transparencia","status":"publish","type":"page","link":"https:\/\/www.japami.gob.mx\/index.php\/transparencia\/","title":{"rendered":"Transparencia"},"content":{"rendered":"\t\t<div data-elementor-type=\"wp-page\" data-elementor-id=\"157\" class=\"elementor elementor-157\" data-elementor-post-type=\"page\">\n\t\t\t\t\t\t<section class=\"elementor-section elementor-top-section elementor-element elementor-element-79101a57 elementor-section-boxed elementor-section-height-default elementor-section-height-default\" data-id=\"79101a57\" data-element_type=\"section\" data-e-type=\"section\" data-settings=\"{&quot;background_background&quot;:&quot;classic&quot;}\">\n\t\t\t\t\t\t\t<div class=\"elementor-background-overlay\"><\/div>\n\t\t\t\t\t\t\t<div class=\"elementor-container elementor-column-gap-default\">\n\t\t\t\t\t<div class=\"elementor-column elementor-col-50 elementor-top-column elementor-element elementor-element-6a351f83 elementor-invisible\" data-id=\"6a351f83\" data-element_type=\"column\" data-e-type=\"column\" data-settings=\"{&quot;animation&quot;:&quot;bounceInDown&quot;}\">\n\t\t\t<div class=\"elementor-widget-wrap elementor-element-populated\">\n\t\t\t\t\t\t<div class=\"elementor-element elementor-element-50120fde elementor-widget elementor-widget-image\" data-id=\"50120fde\" data-element_type=\"widget\" data-e-type=\"widget\" data-widget_type=\"image.default\">\n\t\t\t\t<div class=\"elementor-widget-container\">\n\t\t\t\t\t\t\t\t\t\t\t\t\t\t\t<img fetchpriority=\"high\" decoding=\"async\" width=\"951\" height=\"1024\" src=\"https:\/\/www.japami.gob.mx\/wp-content\/uploads\/2024\/08\/JAPI-NUEVO-951x1024-1.png\" class=\"attachment-1536x1536 size-1536x1536 wp-image-2020\" alt=\"\" srcset=\"https:\/\/www.japami.gob.mx\/wp-content\/uploads\/2024\/08\/JAPI-NUEVO-951x1024-1.png 951w, https:\/\/www.japami.gob.mx\/wp-content\/uploads\/2024\/08\/JAPI-NUEVO-951x1024-1-279x300.png 279w, https:\/\/www.japami.gob.mx\/wp-content\/uploads\/2024\/08\/JAPI-NUEVO-951x1024-1-768x827.png 768w\" sizes=\"(max-width: 951px) 100vw, 951px\" \/>\t\t\t\t\t\t\t\t\t\t\t\t\t\t\t<\/div>\n\t\t\t\t<\/div>\n\t\t\t\t\t<\/div>\n\t\t<\/div>\n\t\t\t\t<div class=\"elementor-column elementor-col-50 elementor-top-column elementor-element elementor-element-a859735\" data-id=\"a859735\" data-element_type=\"column\" data-e-type=\"column\">\n\t\t\t<div class=\"elementor-widget-wrap elementor-element-populated\">\n\t\t\t\t\t\t<div class=\"elementor-element elementor-element-7048e89 elementor-widget elementor-widget-text-editor\" data-id=\"7048e89\" data-element_type=\"widget\" data-e-type=\"widget\" data-widget_type=\"text-editor.default\">\n\t\t\t\t<div class=\"elementor-widget-container\">\n\t\t\t\t\t\t\t\t\t<p><img decoding=\"async\" class=\"alignnone wp-image-1730\" src=\"https:\/\/site.japami.gob.mx\/wp-content\/uploads\/2024\/08\/Imagotipo-JAPAMI-300x77.png\" alt=\"\" width=\"98\" height=\"25\" srcset=\"https:\/\/www.japami.gob.mx\/wp-content\/uploads\/2024\/08\/Imagotipo-JAPAMI-300x77.png 300w, https:\/\/www.japami.gob.mx\/wp-content\/uploads\/2024\/08\/Imagotipo-JAPAMI.png 755w\" sizes=\"(max-width: 98px) 100vw, 98px\" \/>\u00a0 pone a tu disposici\u00f3n la informaci\u00f3n de Transparencia y la informaci\u00f3n Financiera del Organismo.<\/p>\t\t\t\t\t\t\t\t<\/div>\n\t\t\t\t<\/div>\n\t\t\t\t\t<\/div>\n\t\t<\/div>\n\t\t\t\t\t<\/div>\n\t\t<\/section>\n\t\t<div class=\"elementor-element elementor-element-5b5e5a8 e-con-full e-flex e-con e-parent\" data-id=\"5b5e5a8\" data-element_type=\"container\" data-e-type=\"container\">\n\t\t<div class=\"elementor-element elementor-element-c981cd4 e-con-full e-flex e-con e-child\" data-id=\"c981cd4\" data-element_type=\"container\" data-e-type=\"container\" data-settings=\"{&quot;background_background&quot;:&quot;classic&quot;}\">\n\t\t\t\t<div class=\"elementor-element elementor-element-2fec12a elementor-widget elementor-widget-image\" data-id=\"2fec12a\" data-element_type=\"widget\" data-e-type=\"widget\" data-widget_type=\"image.default\">\n\t\t\t\t<div class=\"elementor-widget-container\">\n\t\t\t\t\t\t\t\t\t\t\t\t\t\t\t\t<a href=\"http:\/\/[gen_url%20path=\/index.php\/obligation-view\/%5D\">\n\t\t\t\t\t\t\t<img decoding=\"async\" width=\"94\" height=\"94\" src=\"https:\/\/www.japami.gob.mx\/wp-content\/uploads\/2024\/08\/Lupa-icono.png\" class=\"attachment-large size-large wp-image-1576\" alt=\"\" \/>\t\t\t\t\t\t\t\t<\/a>\n\t\t\t\t\t\t\t\t\t\t\t\t\t\t\t<\/div>\n\t\t\t\t<\/div>\n\t\t\t\t<div class=\"elementor-element elementor-element-acce659 elementor-widget elementor-widget-heading\" data-id=\"acce659\" data-element_type=\"widget\" data-e-type=\"widget\" data-widget_type=\"heading.default\">\n\t\t\t\t<div class=\"elementor-widget-container\">\n\t\t\t\t\t<h2 class=\"elementor-heading-title elementor-size-default\"><a href=\"http:\/\/[gen_url%20path=\/index.php\/obligation-view\/%5D\">OBLIGACIONES DE TRANSPARENCIA COMUNES<\/a><\/h2>\t\t\t\t<\/div>\n\t\t\t\t<\/div>\n\t\t\t\t<\/div>\n\t\t<div class=\"elementor-element elementor-element-7bed13c e-con-full e-flex e-con e-child\" data-id=\"7bed13c\" data-element_type=\"container\" data-e-type=\"container\" data-settings=\"{&quot;background_background&quot;:&quot;classic&quot;}\">\n\t\t\t\t<div class=\"elementor-element elementor-element-5c2df93 elementor-widget elementor-widget-image\" data-id=\"5c2df93\" data-element_type=\"widget\" data-e-type=\"widget\" data-widget_type=\"image.default\">\n\t\t\t\t<div class=\"elementor-widget-container\">\n\t\t\t\t\t\t\t\t\t\t\t\t\t\t\t\t<a href=\"http:\/\/[gen_url%20path=\/index.php\/financial-view\/%5D\">\n\t\t\t\t\t\t\t<img loading=\"lazy\" decoding=\"async\" width=\"107\" height=\"96\" src=\"https:\/\/www.japami.gob.mx\/wp-content\/uploads\/2024\/08\/monedas-icono.png\" class=\"attachment-large size-large wp-image-1575\" alt=\"\" \/>\t\t\t\t\t\t\t\t<\/a>\n\t\t\t\t\t\t\t\t\t\t\t\t\t\t\t<\/div>\n\t\t\t\t<\/div>\n\t\t\t\t<div class=\"elementor-element elementor-element-166b106 elementor-widget elementor-widget-heading\" data-id=\"166b106\" data-element_type=\"widget\" data-e-type=\"widget\" data-widget_type=\"heading.default\">\n\t\t\t\t<div class=\"elementor-widget-container\">\n\t\t\t\t\t<h2 class=\"elementor-heading-title elementor-size-default\"><a href=\"http:\/\/[gen_url%20path=\/index.php\/financial-view\/%5D\">INFORMACI\u00d3N FINANCIERA<\/a><\/h2>\t\t\t\t<\/div>\n\t\t\t\t<\/div>\n\t\t\t\t<\/div>\n\t\t<div class=\"elementor-element elementor-element-f3e6c72 e-con-full e-flex e-con e-child\" data-id=\"f3e6c72\" data-element_type=\"container\" data-e-type=\"container\" data-settings=\"{&quot;background_background&quot;:&quot;classic&quot;}\">\n\t\t\t\t<div class=\"elementor-element elementor-element-6d0b2fd elementor-widget elementor-widget-image\" data-id=\"6d0b2fd\" data-element_type=\"widget\" data-e-type=\"widget\" data-widget_type=\"image.default\">\n\t\t\t\t<div class=\"elementor-widget-container\">\n\t\t\t\t\t\t\t\t\t\t\t\t\t\t\t\t<a href=\"http:\/\/[gen_url%20path=\/index.php\/normatividad-y-programas\/%5D\">\n\t\t\t\t\t\t\t<img loading=\"lazy\" decoding=\"async\" width=\"73\" height=\"99\" src=\"https:\/\/www.japami.gob.mx\/wp-content\/uploads\/2024\/08\/documento-ICONO.png\" class=\"attachment-large size-large wp-image-1574\" alt=\"\" \/>\t\t\t\t\t\t\t\t<\/a>\n\t\t\t\t\t\t\t\t\t\t\t\t\t\t\t<\/div>\n\t\t\t\t<\/div>\n\t\t\t\t<div class=\"elementor-element elementor-element-694569e elementor-widget elementor-widget-heading\" data-id=\"694569e\" data-element_type=\"widget\" data-e-type=\"widget\" data-widget_type=\"heading.default\">\n\t\t\t\t<div class=\"elementor-widget-container\">\n\t\t\t\t\t<h2 class=\"elementor-heading-title elementor-size-default\"><a href=\"http:\/\/[gen_url%20path=\/index.php\/normatividad-y-programas\/%5D\">NORMATIVIDAD Y PROGRAMAS<\/a><\/h2>\t\t\t\t<\/div>\n\t\t\t\t<\/div>\n\t\t\t\t<\/div>\n\t\t\t\t<\/div>\n\t\t<div class=\"elementor-element elementor-element-c608284 e-con-full e-flex e-con e-parent\" data-id=\"c608284\" data-element_type=\"container\" data-e-type=\"container\">\n\t\t<div class=\"elementor-element elementor-element-722274a e-con-full e-flex e-con e-child\" data-id=\"722274a\" data-element_type=\"container\" data-e-type=\"container\" data-settings=\"{&quot;background_background&quot;:&quot;classic&quot;}\">\n\t\t\t\t<div class=\"elementor-element elementor-element-c29ba30 elementor-view-default elementor-widget elementor-widget-icon\" data-id=\"c29ba30\" data-element_type=\"widget\" data-e-type=\"widget\" data-widget_type=\"icon.default\">\n\t\t\t\t<div class=\"elementor-widget-container\">\n\t\t\t\t\t\t\t<div class=\"elementor-icon-wrapper\">\n\t\t\t<a class=\"elementor-icon\" href=\"http:\/\/[gen_url%20path=\/index.php\/transparencia-proactiva\/%5D\">\n\t\t\t<svg aria-hidden=\"true\" class=\"e-font-icon-svg e-far-lightbulb\" viewBox=\"0 0 352 512\" xmlns=\"http:\/\/www.w3.org\/2000\/svg\"><path d=\"M176 80c-52.94 0-96 43.06-96 96 0 8.84 7.16 16 16 16s16-7.16 16-16c0-35.3 28.72-64 64-64 8.84 0 16-7.16 16-16s-7.16-16-16-16zM96.06 459.17c0 3.15.93 6.22 2.68 8.84l24.51 36.84c2.97 4.46 7.97 7.14 13.32 7.14h78.85c5.36 0 10.36-2.68 13.32-7.14l24.51-36.84c1.74-2.62 2.67-5.7 2.68-8.84l.05-43.18H96.02l.04 43.18zM176 0C73.72 0 0 82.97 0 176c0 44.37 16.45 84.85 43.56 115.78 16.64 18.99 42.74 58.8 52.42 92.16v.06h48v-.12c-.01-4.77-.72-9.51-2.15-14.07-5.59-17.81-22.82-64.77-62.17-109.67-20.54-23.43-31.52-53.15-31.61-84.14-.2-73.64 59.67-128 127.95-128 70.58 0 128 57.42 128 128 0 30.97-11.24 60.85-31.65 84.14-39.11 44.61-56.42 91.47-62.1 109.46a47.507 47.507 0 0 0-2.22 14.3v.1h48v-.05c9.68-33.37 35.78-73.18 52.42-92.16C335.55 260.85 352 220.37 352 176 352 78.8 273.2 0 176 0z\"><\/path><\/svg>\t\t\t<\/a>\n\t\t<\/div>\n\t\t\t\t\t\t<\/div>\n\t\t\t\t<\/div>\n\t\t\t\t<div class=\"elementor-element elementor-element-5426168 elementor-widget elementor-widget-heading\" data-id=\"5426168\" data-element_type=\"widget\" data-e-type=\"widget\" data-widget_type=\"heading.default\">\n\t\t\t\t<div class=\"elementor-widget-container\">\n\t\t\t\t\t<h2 class=\"elementor-heading-title elementor-size-default\"><a href=\"http:\/\/[gen_url%20path=\/index.php\/transparencia-proactiva\/%5D\">TRANSPARENCIA PROACTIVA<\/a><\/h2>\t\t\t\t<\/div>\n\t\t\t\t<\/div>\n\t\t\t\t<\/div>\n\t\t<div class=\"elementor-element elementor-element-8e5d642 e-con-full e-flex e-con e-child\" data-id=\"8e5d642\" data-element_type=\"container\" data-e-type=\"container\" data-settings=\"{&quot;background_background&quot;:&quot;classic&quot;}\">\n\t\t\t\t<div class=\"elementor-element elementor-element-14c3db2 elementor-view-default elementor-widget elementor-widget-icon\" data-id=\"14c3db2\" data-element_type=\"widget\" data-e-type=\"widget\" data-widget_type=\"icon.default\">\n\t\t\t\t<div class=\"elementor-widget-container\">\n\t\t\t\t\t\t\t<div class=\"elementor-icon-wrapper\">\n\t\t\t<a class=\"elementor-icon\" href=\"http:\/\/[gen_url%20path=\/index.php\/pada\/%5D\">\n\t\t\t<svg aria-hidden=\"true\" class=\"e-font-icon-svg e-far-folder\" viewBox=\"0 0 512 512\" xmlns=\"http:\/\/www.w3.org\/2000\/svg\"><path d=\"M464 128H272l-54.63-54.63c-6-6-14.14-9.37-22.63-9.37H48C21.49 64 0 85.49 0 112v288c0 26.51 21.49 48 48 48h416c26.51 0 48-21.49 48-48V176c0-26.51-21.49-48-48-48zm0 272H48V112h140.12l54.63 54.63c6 6 14.14 9.37 22.63 9.37H464v224z\"><\/path><\/svg>\t\t\t<\/a>\n\t\t<\/div>\n\t\t\t\t\t\t<\/div>\n\t\t\t\t<\/div>\n\t\t\t\t<div class=\"elementor-element elementor-element-1a0233f elementor-widget elementor-widget-heading\" data-id=\"1a0233f\" data-element_type=\"widget\" data-e-type=\"widget\" data-widget_type=\"heading.default\">\n\t\t\t\t<div class=\"elementor-widget-container\">\n\t\t\t\t\t<h2 class=\"elementor-heading-title elementor-size-default\"><a href=\"http:\/\/[gen_url%20path=\/index.php\/pada\/%5D\">PADA<\/a><\/h2>\t\t\t\t<\/div>\n\t\t\t\t<\/div>\n\t\t\t\t<\/div>\n\t\t\t\t<\/div>\n\t\t<div class=\"elementor-element elementor-element-c3f55e7 e-con-full e-flex e-con e-parent\" data-id=\"c3f55e7\" data-element_type=\"container\" data-e-type=\"container\">\n\t\t<div class=\"elementor-element elementor-element-39d0009 e-con-full e-flex e-con e-child\" data-id=\"39d0009\" data-element_type=\"container\" data-e-type=\"container\" data-settings=\"{&quot;background_background&quot;:&quot;classic&quot;}\">\n\t\t\t\t<div class=\"elementor-element elementor-element-89dd90e elementor-view-default elementor-widget elementor-widget-icon\" data-id=\"89dd90e\" data-element_type=\"widget\" data-e-type=\"widget\" data-widget_type=\"icon.default\">\n\t\t\t\t<div class=\"elementor-widget-container\">\n\t\t\t\t\t\t\t<div class=\"elementor-icon-wrapper\">\n\t\t\t<a class=\"elementor-icon\" href=\"http:\/\/[gen_url%20path=\/index.php\/\/inversion-publica\/%5D\">\n\t\t\t<svg aria-hidden=\"true\" class=\"e-font-icon-svg e-far-map\" viewBox=\"0 0 576 512\" xmlns=\"http:\/\/www.w3.org\/2000\/svg\"><path d=\"M560.02 32c-1.96 0-3.98.37-5.96 1.16L384.01 96H384L212 35.28A64.252 64.252 0 0 0 191.76 32c-6.69 0-13.37 1.05-19.81 3.14L20.12 87.95A32.006 32.006 0 0 0 0 117.66v346.32C0 473.17 7.53 480 15.99 480c1.96 0 3.97-.37 5.96-1.16L192 416l172 60.71a63.98 63.98 0 0 0 40.05.15l151.83-52.81A31.996 31.996 0 0 0 576 394.34V48.02c0-9.19-7.53-16.02-15.98-16.02zM224 90.42l128 45.19v285.97l-128-45.19V90.42zM48 418.05V129.07l128-44.53v286.2l-.64.23L48 418.05zm480-35.13l-128 44.53V141.26l.64-.24L528 93.95v288.97z\"><\/path><\/svg>\t\t\t<\/a>\n\t\t<\/div>\n\t\t\t\t\t\t<\/div>\n\t\t\t\t<\/div>\n\t\t\t\t<div class=\"elementor-element elementor-element-ca9026f elementor-widget elementor-widget-heading\" data-id=\"ca9026f\" data-element_type=\"widget\" data-e-type=\"widget\" data-widget_type=\"heading.default\">\n\t\t\t\t<div class=\"elementor-widget-container\">\n\t\t\t\t\t<h2 class=\"elementor-heading-title elementor-size-default\"><a href=\"http:\/\/[gen_url%20path=\/index.php\/\/inversion-publica\/%5D\">INVERSI\u00d3N P\u00daBLICA<\/a><\/h2>\t\t\t\t<\/div>\n\t\t\t\t<\/div>\n\t\t\t\t<\/div>\n\t\t<div class=\"elementor-element elementor-element-e1b8af4 e-con-full e-flex e-con e-child\" data-id=\"e1b8af4\" data-element_type=\"container\" data-e-type=\"container\" data-settings=\"{&quot;background_background&quot;:&quot;classic&quot;}\">\n\t\t\t\t<div class=\"elementor-element elementor-element-797e18a elementor-view-default elementor-widget elementor-widget-icon\" data-id=\"797e18a\" data-element_type=\"widget\" data-e-type=\"widget\" data-widget_type=\"icon.default\">\n\t\t\t\t<div class=\"elementor-widget-container\">\n\t\t\t\t\t\t\t<div class=\"elementor-icon-wrapper\">\n\t\t\t<a class=\"elementor-icon\" href=\"\/index.php\/ramo-16\/\">\n\t\t\t<svg aria-hidden=\"true\" class=\"e-font-icon-svg e-fas-folder\" viewBox=\"0 0 512 512\" xmlns=\"http:\/\/www.w3.org\/2000\/svg\"><path d=\"M464 128H272l-64-64H48C21.49 64 0 85.49 0 112v288c0 26.51 21.49 48 48 48h416c26.51 0 48-21.49 48-48V176c0-26.51-21.49-48-48-48z\"><\/path><\/svg>\t\t\t<\/a>\n\t\t<\/div>\n\t\t\t\t\t\t<\/div>\n\t\t\t\t<\/div>\n\t\t\t\t<div class=\"elementor-element elementor-element-6d9163e elementor-widget elementor-widget-heading\" data-id=\"6d9163e\" data-element_type=\"widget\" data-e-type=\"widget\" data-widget_type=\"heading.default\">\n\t\t\t\t<div class=\"elementor-widget-container\">\n\t\t\t\t\t<h2 class=\"elementor-heading-title elementor-size-default\"><a href=\"https:\/\/online.japami.gob.mx\/doctos\/Ramo16\/Capacitacion_Ambiental_y_Desarrollo_Sustentable.xlsx\">Ramo 16<\/a><\/h2>\t\t\t\t<\/div>\n\t\t\t\t<\/div>\n\t\t\t\t<\/div>\n\t\t\t\t<\/div>\n\t\t<div class=\"elementor-element elementor-element-519bdf9 e-con-full e-flex e-con e-parent\" data-id=\"519bdf9\" data-element_type=\"container\" data-e-type=\"container\" data-settings=\"{&quot;position&quot;:&quot;fixed&quot;}\">\n\t\t\t\t<div class=\"elementor-element elementor-element-da132b3 elementor-widget__width-initial elementor-hidden-desktop elementor-hidden-tablet elementor-hidden-mobile elementor-widget elementor-widget-image\" data-id=\"da132b3\" data-element_type=\"widget\" data-e-type=\"widget\" data-widget_type=\"image.default\">\n\t\t\t\t<div class=\"elementor-widget-container\">\n\t\t\t\t\t\t\t\t\t\t\t\t\t\t\t\t<a href=\"http:\/\/[gen_url%20path=\/index.php\/tramites\/%5D\">\n\t\t\t\t\t\t\t<img loading=\"lazy\" decoding=\"async\" width=\"386\" height=\"152\" src=\"https:\/\/www.japami.gob.mx\/wp-content\/uploads\/2025\/07\/Evalua-servicio.png\" class=\"attachment-large size-large wp-image-2923\" alt=\"\" srcset=\"https:\/\/www.japami.gob.mx\/wp-content\/uploads\/2025\/07\/Evalua-servicio.png 386w, https:\/\/www.japami.gob.mx\/wp-content\/uploads\/2025\/07\/Evalua-servicio-300x118.png 300w\" sizes=\"(max-width: 386px) 100vw, 386px\" \/>\t\t\t\t\t\t\t\t<\/a>\n\t\t\t\t\t\t\t\t\t\t\t\t\t\t\t<\/div>\n\t\t\t\t<\/div>\n\t\t\t\t<div class=\"elementor-element elementor-element-2dba9d4 elementor-widget__width-initial elementor-widget elementor-widget-image\" data-id=\"2dba9d4\" data-element_type=\"widget\" data-e-type=\"widget\" data-widget_type=\"image.default\">\n\t\t\t\t<div class=\"elementor-widget-container\">\n\t\t\t\t\t\t\t\t\t\t\t\t\t\t\t\t<a href=\"http:\/\/[gen_url%20path=\/index.php\/pago-en-linea\/%5D\">\n\t\t\t\t\t\t\t<img loading=\"lazy\" decoding=\"async\" width=\"800\" height=\"314\" src=\"https:\/\/www.japami.gob.mx\/wp-content\/uploads\/2025\/07\/Paga-aqui-tu-recibo-3@4x-1024x402.png\" class=\"attachment-large size-large wp-image-2903\" alt=\"\" srcset=\"https:\/\/www.japami.gob.mx\/wp-content\/uploads\/2025\/07\/Paga-aqui-tu-recibo-3@4x-1024x402.png 1024w, https:\/\/www.japami.gob.mx\/wp-content\/uploads\/2025\/07\/Paga-aqui-tu-recibo-3@4x-300x118.png 300w, https:\/\/www.japami.gob.mx\/wp-content\/uploads\/2025\/07\/Paga-aqui-tu-recibo-3@4x-768x301.png 768w, https:\/\/www.japami.gob.mx\/wp-content\/uploads\/2025\/07\/Paga-aqui-tu-recibo-3@4x-1536x602.png 1536w, https:\/\/www.japami.gob.mx\/wp-content\/uploads\/2025\/07\/Paga-aqui-tu-recibo-3@4x.png 1540w\" sizes=\"(max-width: 800px) 100vw, 800px\" \/>\t\t\t\t\t\t\t\t<\/a>\n\t\t\t\t\t\t\t\t\t\t\t\t\t\t\t<\/div>\n\t\t\t\t<\/div>\n\t\t\t\t<div class=\"elementor-element elementor-element-20fb2da elementor-widget__width-initial elementor-widget elementor-widget-image\" data-id=\"20fb2da\" data-element_type=\"widget\" data-e-type=\"widget\" data-widget_type=\"image.default\">\n\t\t\t\t<div class=\"elementor-widget-container\">\n\t\t\t\t\t\t\t\t\t\t\t\t\t\t\t\t<a href=\"http:\/\/[gen_url%20path=\/index.php\/reportes-y-seguimientos\/%5D\">\n\t\t\t\t\t\t\t<img loading=\"lazy\" decoding=\"async\" width=\"386\" height=\"152\" src=\"https:\/\/www.japami.gob.mx\/wp-content\/uploads\/2025\/07\/Boton-genera-tu-reporte.png\" class=\"attachment-large size-large wp-image-2924\" alt=\"\" srcset=\"https:\/\/www.japami.gob.mx\/wp-content\/uploads\/2025\/07\/Boton-genera-tu-reporte.png 386w, https:\/\/www.japami.gob.mx\/wp-content\/uploads\/2025\/07\/Boton-genera-tu-reporte-300x118.png 300w\" sizes=\"(max-width: 386px) 100vw, 386px\" \/>\t\t\t\t\t\t\t\t<\/a>\n\t\t\t\t\t\t\t\t\t\t\t\t\t\t\t<\/div>\n\t\t\t\t<\/div>\n\t\t<div class=\"elementor-element elementor-element-b8668d6 e-con-full buttons_japami e-flex e-con e-child\" data-id=\"b8668d6\" data-element_type=\"container\" data-e-type=\"container\" data-settings=\"{&quot;background_background&quot;:&quot;gradient&quot;}\">\n\t\t\t\t<div class=\"elementor-element elementor-element-0aac4f2 elementor-widget__width-initial elementor-widget elementor-widget-image\" data-id=\"0aac4f2\" data-element_type=\"widget\" data-e-type=\"widget\" data-widget_type=\"image.default\">\n\t\t\t\t<div class=\"elementor-widget-container\">\n\t\t\t\t\t\t\t\t\t\t\t\t\t\t\t\t<a href=\"http:\/\/[gen_url%20path=\/index.php\/avisos-de-privacidad\/%5D\">\n\t\t\t\t\t\t\t<img loading=\"lazy\" decoding=\"async\" width=\"386\" height=\"152\" src=\"https:\/\/www.japami.gob.mx\/wp-content\/uploads\/2025\/07\/AVISOS-DE-PRIVACIDAD-2.png\" class=\"attachment-large size-large wp-image-2937\" alt=\"\" srcset=\"https:\/\/www.japami.gob.mx\/wp-content\/uploads\/2025\/07\/AVISOS-DE-PRIVACIDAD-2.png 386w, https:\/\/www.japami.gob.mx\/wp-content\/uploads\/2025\/07\/AVISOS-DE-PRIVACIDAD-2-300x118.png 300w\" sizes=\"(max-width: 386px) 100vw, 386px\" \/>\t\t\t\t\t\t\t\t<\/a>\n\t\t\t\t\t\t\t\t\t\t\t\t\t\t\t<\/div>\n\t\t\t\t<\/div>\n\t\t\t\t<\/div>\n\t\t\t\t<\/div>\n\t\t<div class=\"elementor-element elementor-element-1b88fe6 elementor-hidden-desktop elementor-hidden-tablet elementor-hidden-mobile e-flex e-con-boxed e-con e-parent\" data-id=\"1b88fe6\" data-element_type=\"container\" data-e-type=\"container\">\n\t\t\t\t\t<div class=\"e-con-inner\">\n\t\t\t\t<div class=\"elementor-element elementor-element-cf00a5f elementor-widget elementor-widget-shortcode\" data-id=\"cf00a5f\" data-element_type=\"widget\" data-e-type=\"widget\" data-widget_type=\"shortcode.default\">\n\t\t\t\t<div class=\"elementor-widget-container\">\n\t\t\t\t\t\t\t<div class=\"elementor-shortcode\">\t<section class=\"container my-5\">\r\n        <h2 class=\"tituloB text-center\">CONVOCATORIAS<\/h2>\r\n        <div class=\"d-flex justify-content-center flex-wrap \">\r\n            <div class=\"card_conva p-5 rounded-5 mx-md-2 my-2\" style=\"background-image:url(https:\/\/www.japami.gob.mx\/wp-content\/uploads\/2024\/08\/334776836_494342659387092_1958855643928849192_n.jpg)\">\r\n                <span>JAPAMI-LE-PSBGTO-LS-2024-003<\/span>\r\n                <p class=\"my-2\">Ampliaci\u00f3n de Red de Drenaje Sanitario en el municipio de Irapuato, Gto. En la localidad San Ignacio de Rivera (Ojo de Agua) (2a. Etapa).<\/p>\r\n                <a href=\"https:\/\/www.japami.gob.mx\/wp-content\/uploads\/2024\/08\/PUBLICACION-2024-LS-PSBGTO-003.pdf\" class=\"vermas rounded-4 my-1\">Ver mas >><\/a>\r\n            <\/div>\r\n            <div class=\"card_conva p-5 rounded-5 mx-md-2 my-2\" style=\"background-image:url(https:\/\/www.japami.gob.mx\/wp-content\/uploads\/2024\/08\/334776836_494342659387092_1958855643928849192_n.jpg)\">\r\n                <span>JAPAMI-LE-PSBGTO-LS-2024-004<\/span>\r\n                <p class=\"my-2\">Ampliaci\u00f3n de Drenaje Sanitario en el municipio de Irapuato, Gto., en la localidad Pur\u00edsima.<\/p>\r\n                <a href=\"https:\/\/www.japami.gob.mx\/wp-content\/uploads\/2024\/08\/PUBLICACION-2024-LS-PSBGTO-004.pdf\" class=\"vermas rounded-4 my-1\">Ver mas >><\/a>\r\n            <\/div>\r\n            <div class=\"card_conva p-5 rounded-5 mx-md-2 my-2\" style=\"background-image:url(https:\/\/www.japami.gob.mx\/wp-content\/uploads\/2024\/08\/334776836_494342659387092_1958855643928849192_n.jpg)\">\r\n                <span>JAPAMI-LE-RP-LS-2024-005<\/span>\r\n                <p class=\"my-2\">Instrumentaci\u00f3n de Telemetr\u00eda en Pozos (2024).<\/p>\r\n                <a href=\"https:\/\/www.japami.gob.mx\/wp-content\/uploads\/2024\/08\/PUBLICACION-2024-LS-005.pdf\" class=\"vermas rounded-4 my-1\">Ver mas >><\/a>\r\n            <\/div>\r\n        <\/div>\r\n        <button class=\"button\" style=\"width: 15%;\" onclick=\"window.location.href='https:\/\/www.japami.gob.mx\/index.php\/convocatorias\/';\">Ver m\u00e1s<\/button>\r\n    <\/section>\r\n    <\/div>\n\t\t\t\t\t\t<\/div>\n\t\t\t\t<\/div>\n\t\t\t\t\t<\/div>\n\t\t\t\t<\/div>\n\t\t\t\t<\/div>\n\t\t","protected":false},"excerpt":{"rendered":"<p>\u00a0 pone a tu disposici\u00f3n la informaci\u00f3n de Transparencia y la informaci\u00f3n Financiera del Organismo. OBLIGACIONES DE TRANSPARENCIA COMUNES INFORMACI\u00d3N FINANCIERA NORMATIVIDAD Y PROGRAMAS TRANSPARENCIA PROACTIVA PADA INVERSI\u00d3N P\u00daBLICA Ramo 16<\/p>\n","protected":false},"author":1,"featured_media":0,"parent":0,"menu_order":0,"comment_status":"closed","ping_status":"closed","template":"elementor_header_footer","meta":{"footnotes":""},"class_list":["post-157","page","type-page","status-publish","hentry"],"_links":{"self":[{"href":"https:\/\/www.japami.gob.mx\/index.php\/wp-json\/wp\/v2\/pages\/157","targetHints":{"allow":["GET"]}}],"collection":[{"href":"https:\/\/www.japami.gob.mx\/index.php\/wp-json\/wp\/v2\/pages"}],"about":[{"href":"https:\/\/www.japami.gob.mx\/index.php\/wp-json\/wp\/v2\/types\/page"}],"author":[{"embeddable":true,"href":"https:\/\/www.japami.gob.mx\/index.php\/wp-json\/wp\/v2\/users\/1"}],"replies":[{"embeddable":true,"href":"https:\/\/www.japami.gob.mx\/index.php\/wp-json\/wp\/v2\/comments?post=157"}],"version-history":[{"count":218,"href":"https:\/\/www.japami.gob.mx\/index.php\/wp-json\/wp\/v2\/pages\/157\/revisions"}],"predecessor-version":[{"id":4410,"href":"https:\/\/www.japami.gob.mx\/index.php\/wp-json\/wp\/v2\/pages\/157\/revisions\/4410"}],"wp:attachment":[{"href":"https:\/\/www.japami.gob.mx\/index.php\/wp-json\/wp\/v2\/media?parent=157"}],"curies":[{"name":"wp","href":"https:\/\/api.w.org\/{rel}","templated":true}]}}