{"id":147,"date":"2024-07-10T21:58:13","date_gmt":"2024-07-10T21:58:13","guid":{"rendered":"https:\/\/site.japami.gob.mx\/?page_id=147"},"modified":"2026-01-22T10:37:49","modified_gmt":"2026-01-22T16:37:49","slug":"pago-en-linea","status":"publish","type":"page","link":"https:\/\/www.japami.gob.mx\/index.php\/pago-en-linea\/","title":{"rendered":"Pago en linea menu"},"content":{"rendered":"\t\t<div data-elementor-type=\"wp-page\" data-elementor-id=\"147\" class=\"elementor elementor-147\" data-elementor-post-type=\"page\">\n\t\t\t\t\t\t<section class=\"elementor-section elementor-top-section elementor-element elementor-element-12590f9f elementor-section-boxed elementor-section-height-default elementor-section-height-default\" data-id=\"12590f9f\" data-element_type=\"section\" data-e-type=\"section\" data-settings=\"{&quot;background_background&quot;:&quot;classic&quot;,&quot;shape_divider_bottom&quot;:&quot;triangle-asymmetrical&quot;,&quot;shape_divider_bottom_negative&quot;:&quot;yes&quot;}\">\n\t\t\t\t\t\t\t<div class=\"elementor-background-overlay\"><\/div>\n\t\t\t\t\t\t<div class=\"elementor-shape elementor-shape-bottom\" aria-hidden=\"true\" data-negative=\"true\">\n\t\t\t<svg xmlns=\"http:\/\/www.w3.org\/2000\/svg\" viewBox=\"0 0 1000 100\" preserveAspectRatio=\"none\">\n\t<path class=\"elementor-shape-fill\" d=\"M737.9,94.7L0,0v100h1000V0L737.9,94.7z\"\/>\n<\/svg>\t\t<\/div>\n\t\t\t\t\t<div class=\"elementor-container elementor-column-gap-default\">\n\t\t\t\t\t<div class=\"elementor-column elementor-col-50 elementor-top-column elementor-element elementor-element-1693d3a8\" data-id=\"1693d3a8\" data-element_type=\"column\" data-e-type=\"column\">\n\t\t\t<div class=\"elementor-widget-wrap elementor-element-populated\">\n\t\t\t\t\t\t<div class=\"elementor-element elementor-element-2720ac17 elementor-invisible elementor-widget elementor-widget-heading\" data-id=\"2720ac17\" data-element_type=\"widget\" data-e-type=\"widget\" data-settings=\"{&quot;_animation&quot;:&quot;fadeInUp&quot;}\" data-widget_type=\"heading.default\">\n\t\t\t\t<div class=\"elementor-widget-container\">\n\t\t\t\t\t<h1 class=\"elementor-heading-title elementor-size-default\"><a href=\"https:\/\/www.japami.gob.mx\/index.php\/inicio-de-sesion\/\">PAGO EN LINEA<\/a><\/h1>\t\t\t\t<\/div>\n\t\t\t\t<\/div>\n\t\t\t\t<div class=\"elementor-element elementor-element-af12dbd elementor-widget elementor-widget-heading\" data-id=\"af12dbd\" data-element_type=\"widget\" data-e-type=\"widget\" data-widget_type=\"heading.default\">\n\t\t\t\t<div class=\"elementor-widget-container\">\n\t\t\t\t\t<h4 class=\"elementor-heading-title elementor-size-default\">Realiza tus pagos y consulta tu saldo de manera r\u00e1pida y segura.\n<br>\n<\/h4>\t\t\t\t<\/div>\n\t\t\t\t<\/div>\n\t\t\t\t<div class=\"elementor-element elementor-element-63619f6 elementor-button-info elementor-align-justify elementor-widget elementor-widget-button\" data-id=\"63619f6\" data-element_type=\"widget\" data-e-type=\"widget\" data-widget_type=\"button.default\">\n\t\t\t\t<div class=\"elementor-widget-container\">\n\t\t\t\t\t\t\t\t\t<div class=\"elementor-button-wrapper\">\n\t\t\t\t\t<a class=\"elementor-button elementor-button-link elementor-size-sm\" href=\"https:\/\/www.japami.gob.mx\/index.php\/inicio-de-sesion\/\">\n\t\t\t\t\t\t<span class=\"elementor-button-content-wrapper\">\n\t\t\t\t\t\t<span class=\"elementor-button-icon\">\n\t\t\t\t<i aria-hidden=\"true\" class=\"icon icon-user-login\"><\/i>\t\t\t<\/span>\n\t\t\t\t\t\t\t\t\t<span class=\"elementor-button-text\">INICIAR SESI\u00d3N<\/span>\n\t\t\t\t\t<\/span>\n\t\t\t\t\t<\/a>\n\t\t\t\t<\/div>\n\t\t\t\t\t\t\t\t<\/div>\n\t\t\t\t<\/div>\n\t\t\t\t\t<\/div>\n\t\t<\/div>\n\t\t\t\t<div class=\"elementor-column elementor-col-50 elementor-top-column elementor-element elementor-element-77b04112 elementor-invisible\" data-id=\"77b04112\" data-element_type=\"column\" data-e-type=\"column\" data-settings=\"{&quot;animation&quot;:&quot;bounceInDown&quot;}\">\n\t\t\t<div class=\"elementor-widget-wrap\">\n\t\t\t\t\t\t\t<\/div>\n\t\t<\/div>\n\t\t\t\t\t<\/div>\n\t\t<\/section>\n\t\t\t\t<section class=\"elementor-section elementor-top-section elementor-element elementor-element-7a22e4a elementor-section-boxed elementor-section-height-default elementor-section-height-default elementor-invisible\" data-id=\"7a22e4a\" data-element_type=\"section\" data-e-type=\"section\" data-settings=\"{&quot;animation&quot;:&quot;fadeInUp&quot;}\">\n\t\t\t\t\t\t<div class=\"elementor-container elementor-column-gap-default\">\n\t\t\t\t\t<div class=\"elementor-column elementor-col-100 elementor-top-column elementor-element elementor-element-659f3c9\" data-id=\"659f3c9\" data-element_type=\"column\" data-e-type=\"column\" data-settings=\"{&quot;background_background&quot;:&quot;classic&quot;}\">\n\t\t\t<div class=\"elementor-widget-wrap elementor-element-populated\">\n\t\t\t\t\t\t<div class=\"elementor-element elementor-element-9e3f3ff elementor-widget elementor-widget-shortcode\" data-id=\"9e3f3ff\" data-element_type=\"widget\" data-e-type=\"widget\" data-widget_type=\"shortcode.default\">\n\t\t\t\t<div class=\"elementor-widget-container\">\n\t\t\t\t\t\t\t<div class=\"elementor-shortcode\"><!-- [formulario_consulta] --><\/div>\n\t\t\t\t\t\t<\/div>\n\t\t\t\t<\/div>\n\t\t\t\t\t<\/div>\n\t\t<\/div>\n\t\t\t\t\t<\/div>\n\t\t<\/section>\n\t\t\t\t<section class=\"elementor-section elementor-top-section elementor-element elementor-element-4cebd518 elementor-section-boxed elementor-section-height-default elementor-section-height-default\" data-id=\"4cebd518\" data-element_type=\"section\" data-e-type=\"section\" data-settings=\"{&quot;background_background&quot;:&quot;classic&quot;}\">\n\t\t\t\t\t\t<div class=\"elementor-container elementor-column-gap-default\">\n\t\t\t\t\t<div class=\"elementor-column elementor-col-100 elementor-top-column elementor-element elementor-element-687688a5\" data-id=\"687688a5\" data-element_type=\"column\" data-e-type=\"column\">\n\t\t\t<div class=\"elementor-widget-wrap elementor-element-populated\">\n\t\t\t\t\t\t<div class=\"elementor-element elementor-element-d6619c3 elementor-widget elementor-widget-text-editor\" data-id=\"d6619c3\" data-element_type=\"widget\" data-e-type=\"widget\" data-widget_type=\"text-editor.default\">\n\t\t\t\t<div class=\"elementor-widget-container\">\n\t\t\t\t\t\t\t\t\t<p>Adem\u00e1s de\u00a0<b>pagar<\/b>\u00a0por tarjeta de cr\u00e9dito en este portal, tambi\u00e9n puede pagar llamando al Call Center con cargo a su tarjeta, o realizando un SPEI o Transferencia Bancaria a trav\u00e9s de su Banca Electr\u00f3nica. <a href=\"https:\/\/www.japami.gob.mx\/wp-content\/uploads\/2026\/01\/CLABE_2026.pdf\">Descargar gu\u00eda en PDF<\/a><\/p>\t\t\t\t\t\t\t\t<\/div>\n\t\t\t\t<\/div>\n\t\t\t\t<section class=\"elementor-section elementor-inner-section elementor-element elementor-element-2e784be0 elementor-section-boxed elementor-section-height-default elementor-section-height-default\" data-id=\"2e784be0\" data-element_type=\"section\" data-e-type=\"section\">\n\t\t\t\t\t\t<div class=\"elementor-container elementor-column-gap-default\">\n\t\t\t\t\t<div class=\"elementor-column elementor-col-33 elementor-inner-column elementor-element elementor-element-6987e86a elementor-invisible\" data-id=\"6987e86a\" data-element_type=\"column\" data-e-type=\"column\" data-settings=\"{&quot;animation&quot;:&quot;fadeInDown&quot;}\">\n\t\t\t<div class=\"elementor-widget-wrap elementor-element-populated\">\n\t\t\t\t\t\t<div class=\"elementor-element elementor-element-5f82a943 ekit-equal-height-enable elementor-widget elementor-widget-elementskit-icon-box\" data-id=\"5f82a943\" data-element_type=\"widget\" data-e-type=\"widget\" data-widget_type=\"elementskit-icon-box.default\">\n\t\t\t\t<div class=\"elementor-widget-container\">\n\t\t\t\t\t<div class=\"ekit-wid-con\" >        <!-- link opening -->\n                <!-- end link opening -->\n\n        <div class=\"elementskit-infobox text-left text- icon-lef-right-aligin elementor-animation-float   \">\n                        <div class=\"box-body\">\n                            <h3 class=\"elementskit-info-box-title\">\n                    Factura Electr\u00f3nica                <\/h3>\n                        \t\t  \t<p>\u00bfC\u00f3mo descargar los archivos PDF y XML?\nAccede a \n<a href=\"https:\/\/online.japami.gob.mx\/factura\">\ntus facturas<\/a>\n de forma r\u00e1pida y segura, disponible 24\/7.<\/p>\n                                <\/div>\n        \n        \n                <\/div>\n        <\/div>\t\t\t\t<\/div>\n\t\t\t\t<\/div>\n\t\t\t\t\t<\/div>\n\t\t<\/div>\n\t\t\t\t<div class=\"elementor-column elementor-col-33 elementor-inner-column elementor-element elementor-element-3bc1da7e elementor-invisible\" data-id=\"3bc1da7e\" data-element_type=\"column\" data-e-type=\"column\" data-settings=\"{&quot;animation&quot;:&quot;fadeInDown&quot;,&quot;animation_delay&quot;:120}\">\n\t\t\t<div class=\"elementor-widget-wrap elementor-element-populated\">\n\t\t\t\t\t\t<div class=\"elementor-element elementor-element-51bf90d0 ekit-equal-height-enable elementor-widget elementor-widget-elementskit-icon-box\" data-id=\"51bf90d0\" data-element_type=\"widget\" data-e-type=\"widget\" data-widget_type=\"elementskit-icon-box.default\">\n\t\t\t\t<div class=\"elementor-widget-container\">\n\t\t\t\t\t<div class=\"ekit-wid-con\" >        <!-- link opening -->\n                <a href=\"tel:4621140888\" class=\"ekit_global_links\">\n                <!-- end link opening -->\n\n        <div class=\"elementskit-infobox text- text- icon-lef-right-aligin elementor-animation-float   \">\n                        <div class=\"box-body\">\n                            <h3 class=\"elementskit-info-box-title\">\n                    Call Center                <\/h3>\n                        \t\t  \t<p>Tel\u00e9fono: 462 114 0888<br>\nNuestro equipo est\u00e1 listo para ayudarte en cualquier momento.<\/p>\n                                <\/div>\n        \n        \n                <\/div>\n                <\/a>\n        <\/div>\t\t\t\t<\/div>\n\t\t\t\t<\/div>\n\t\t\t\t\t<\/div>\n\t\t<\/div>\n\t\t\t\t<div class=\"elementor-column elementor-col-33 elementor-inner-column elementor-element elementor-element-204571eb elementor-invisible\" data-id=\"204571eb\" data-element_type=\"column\" data-e-type=\"column\" data-settings=\"{&quot;animation&quot;:&quot;fadeInDown&quot;,&quot;animation_delay&quot;:240}\">\n\t\t\t<div class=\"elementor-widget-wrap elementor-element-populated\">\n\t\t\t\t\t\t<div class=\"elementor-element elementor-element-6b954e41 ekit-equal-height-enable elementor-widget elementor-widget-elementskit-icon-box\" data-id=\"6b954e41\" data-element_type=\"widget\" data-e-type=\"widget\" data-widget_type=\"elementskit-icon-box.default\">\n\t\t\t\t<div class=\"elementor-widget-container\">\n\t\t\t\t\t<div class=\"ekit-wid-con\" >        <!-- link opening -->\n                <!-- end link opening -->\n\n        <div class=\"elementskit-infobox text-left text- icon-lef-right-aligin elementor-animation-float   \">\n                        <div class=\"box-body\">\n                            <h3 class=\"elementskit-info-box-title\">\n                    SPEI o Transferencia Bancaria                 <\/h3>\n                        \t\t  \t<p>Banco: BANCO DEL BAJIO, S.A.<br>\nClabe de transferencia:   \n<br><strong>030222900047055238 \n<\/strong>\n<\/p>\n                                <\/div>\n        \n        \n                <\/div>\n        <\/div>\t\t\t\t<\/div>\n\t\t\t\t<\/div>\n\t\t\t\t\t<\/div>\n\t\t<\/div>\n\t\t\t\t\t<\/div>\n\t\t<\/section>\n\t\t\t\t\t<\/div>\n\t\t<\/div>\n\t\t\t\t\t<\/div>\n\t\t<\/section>\n\t\t<div class=\"elementor-element elementor-element-6e590b6 e-con-full e-flex e-con e-parent\" data-id=\"6e590b6\" data-element_type=\"container\" data-e-type=\"container\" data-settings=\"{&quot;position&quot;:&quot;fixed&quot;}\">\n\t\t\t\t<div class=\"elementor-element elementor-element-048f12c elementor-widget__width-initial elementor-hidden-desktop elementor-hidden-tablet elementor-hidden-mobile elementor-widget elementor-widget-image\" data-id=\"048f12c\" data-element_type=\"widget\" data-e-type=\"widget\" data-widget_type=\"image.default\">\n\t\t\t\t<div class=\"elementor-widget-container\">\n\t\t\t\t\t\t\t\t\t\t\t\t\t\t\t\t<a href=\"http:\/\/[gen_url%20path=\/index.php\/tramites\/%5D\">\n\t\t\t\t\t\t\t<img fetchpriority=\"high\" decoding=\"async\" width=\"386\" height=\"152\" src=\"https:\/\/www.japami.gob.mx\/wp-content\/uploads\/2025\/07\/Evalua-servicio.png\" class=\"attachment-large size-large wp-image-2923\" alt=\"\" srcset=\"https:\/\/www.japami.gob.mx\/wp-content\/uploads\/2025\/07\/Evalua-servicio.png 386w, https:\/\/www.japami.gob.mx\/wp-content\/uploads\/2025\/07\/Evalua-servicio-300x118.png 300w\" sizes=\"(max-width: 386px) 100vw, 386px\" \/>\t\t\t\t\t\t\t\t<\/a>\n\t\t\t\t\t\t\t\t\t\t\t\t\t\t\t<\/div>\n\t\t\t\t<\/div>\n\t\t\t\t<div class=\"elementor-element elementor-element-94e74ff elementor-widget__width-initial elementor-widget elementor-widget-image\" data-id=\"94e74ff\" data-element_type=\"widget\" data-e-type=\"widget\" data-widget_type=\"image.default\">\n\t\t\t\t<div class=\"elementor-widget-container\">\n\t\t\t\t\t\t\t\t\t\t\t\t\t\t\t\t<a href=\"https:\/\/japami.gob.mx\/index.php\/inicio-de-sesion\/\">\n\t\t\t\t\t\t\t<img decoding=\"async\" width=\"800\" height=\"314\" src=\"https:\/\/www.japami.gob.mx\/wp-content\/uploads\/2025\/07\/Paga-aqui-tu-recibo-3@4x-1024x402.png\" class=\"attachment-large size-large wp-image-2903\" alt=\"\" srcset=\"https:\/\/www.japami.gob.mx\/wp-content\/uploads\/2025\/07\/Paga-aqui-tu-recibo-3@4x-1024x402.png 1024w, https:\/\/www.japami.gob.mx\/wp-content\/uploads\/2025\/07\/Paga-aqui-tu-recibo-3@4x-300x118.png 300w, https:\/\/www.japami.gob.mx\/wp-content\/uploads\/2025\/07\/Paga-aqui-tu-recibo-3@4x-768x301.png 768w, https:\/\/www.japami.gob.mx\/wp-content\/uploads\/2025\/07\/Paga-aqui-tu-recibo-3@4x-1536x602.png 1536w, https:\/\/www.japami.gob.mx\/wp-content\/uploads\/2025\/07\/Paga-aqui-tu-recibo-3@4x.png 1540w\" sizes=\"(max-width: 800px) 100vw, 800px\" \/>\t\t\t\t\t\t\t\t<\/a>\n\t\t\t\t\t\t\t\t\t\t\t\t\t\t\t<\/div>\n\t\t\t\t<\/div>\n\t\t\t\t<div class=\"elementor-element elementor-element-da25a49 elementor-widget__width-initial elementor-widget elementor-widget-image\" data-id=\"da25a49\" data-element_type=\"widget\" data-e-type=\"widget\" data-widget_type=\"image.default\">\n\t\t\t\t<div class=\"elementor-widget-container\">\n\t\t\t\t\t\t\t\t\t\t\t\t\t\t\t\t<a href=\"\/index.php\/reportes-y-seguimientos\/\">\n\t\t\t\t\t\t\t<img decoding=\"async\" width=\"386\" height=\"152\" src=\"https:\/\/www.japami.gob.mx\/wp-content\/uploads\/2025\/07\/Boton-genera-tu-reporte.png\" class=\"attachment-large size-large wp-image-2924\" alt=\"\" srcset=\"https:\/\/www.japami.gob.mx\/wp-content\/uploads\/2025\/07\/Boton-genera-tu-reporte.png 386w, https:\/\/www.japami.gob.mx\/wp-content\/uploads\/2025\/07\/Boton-genera-tu-reporte-300x118.png 300w\" sizes=\"(max-width: 386px) 100vw, 386px\" \/>\t\t\t\t\t\t\t\t<\/a>\n\t\t\t\t\t\t\t\t\t\t\t\t\t\t\t<\/div>\n\t\t\t\t<\/div>\n\t\t<div class=\"elementor-element elementor-element-bf0425e e-con-full buttons_japami e-flex e-con e-child\" data-id=\"bf0425e\" data-element_type=\"container\" data-e-type=\"container\" data-settings=\"{&quot;background_background&quot;:&quot;gradient&quot;}\">\n\t\t\t\t<div class=\"elementor-element elementor-element-ec7b9d1 elementor-widget__width-initial elementor-widget elementor-widget-image\" data-id=\"ec7b9d1\" data-element_type=\"widget\" data-e-type=\"widget\" data-widget_type=\"image.default\">\n\t\t\t\t<div class=\"elementor-widget-container\">\n\t\t\t\t\t\t\t\t\t\t\t\t\t\t\t\t<a href=\"http:\/\/[gen_url%20path=\/index.php\/avisos-de-privacidad\/%5D\">\n\t\t\t\t\t\t\t<img loading=\"lazy\" decoding=\"async\" width=\"386\" height=\"152\" src=\"https:\/\/www.japami.gob.mx\/wp-content\/uploads\/2025\/07\/AVISOS-DE-PRIVACIDAD-2.png\" class=\"attachment-large size-large wp-image-2937\" alt=\"\" srcset=\"https:\/\/www.japami.gob.mx\/wp-content\/uploads\/2025\/07\/AVISOS-DE-PRIVACIDAD-2.png 386w, https:\/\/www.japami.gob.mx\/wp-content\/uploads\/2025\/07\/AVISOS-DE-PRIVACIDAD-2-300x118.png 300w\" sizes=\"(max-width: 386px) 100vw, 386px\" \/>\t\t\t\t\t\t\t\t<\/a>\n\t\t\t\t\t\t\t\t\t\t\t\t\t\t\t<\/div>\n\t\t\t\t<\/div>\n\t\t\t\t<\/div>\n\t\t\t\t<\/div>\n\t\t\t\t<\/div>\n\t\t","protected":false},"excerpt":{"rendered":"<p>PAGO EN LINEA Realiza tus pagos y consulta tu saldo de manera r\u00e1pida y segura. INICIAR SESI\u00d3N Adem\u00e1s de\u00a0pagar\u00a0por tarjeta de cr\u00e9dito en este portal, tambi\u00e9n puede pagar llamando al Call Center con cargo a su tarjeta, o realizando un SPEI o Transferencia Bancaria a trav\u00e9s de su Banca Electr\u00f3nica. Descargar gu\u00eda en PDF Factura [&hellip;]<\/p>\n","protected":false},"author":1,"featured_media":0,"parent":0,"menu_order":0,"comment_status":"closed","ping_status":"closed","template":"elementor_header_footer","meta":{"footnotes":""},"class_list":["post-147","page","type-page","status-publish","hentry"],"_links":{"self":[{"href":"https:\/\/www.japami.gob.mx\/index.php\/wp-json\/wp\/v2\/pages\/147","targetHints":{"allow":["GET"]}}],"collection":[{"href":"https:\/\/www.japami.gob.mx\/index.php\/wp-json\/wp\/v2\/pages"}],"about":[{"href":"https:\/\/www.japami.gob.mx\/index.php\/wp-json\/wp\/v2\/types\/page"}],"author":[{"embeddable":true,"href":"https:\/\/www.japami.gob.mx\/index.php\/wp-json\/wp\/v2\/users\/1"}],"replies":[{"embeddable":true,"href":"https:\/\/www.japami.gob.mx\/index.php\/wp-json\/wp\/v2\/comments?post=147"}],"version-history":[{"count":179,"href":"https:\/\/www.japami.gob.mx\/index.php\/wp-json\/wp\/v2\/pages\/147\/revisions"}],"predecessor-version":[{"id":4367,"href":"https:\/\/www.japami.gob.mx\/index.php\/wp-json\/wp\/v2\/pages\/147\/revisions\/4367"}],"wp:attachment":[{"href":"https:\/\/www.japami.gob.mx\/index.php\/wp-json\/wp\/v2\/media?parent=147"}],"curies":[{"name":"wp","href":"https:\/\/api.w.org\/{rel}","templated":true}]}}